{"id":154,"date":"2019-11-24T15:54:05","date_gmt":"2019-11-24T15:54:05","guid":{"rendered":"http:\/\/yoga-hinterzarten.de\/?page_id=154"},"modified":"2021-06-17T11:53:17","modified_gmt":"2021-06-17T11:53:17","slug":"yoga60","status":"publish","type":"page","link":"https:\/\/yoga-hinterzarten.de\/?page_id=154","title":{"rendered":"Yoga 50+  60+ und mehr"},"content":{"rendered":"<p>Wichtig sind nicht die (Yoga-)Vorbilder aus den B\u00fcchern, dem Internet und meinem Kopf.<\/p>\n<p><strong>Wichtig ist der Moment, die Pr\u00e4senz, die Hingabe mit der ich \u00fcbe &#8211; nicht die Perfektion, nicht irgendein Ziel.<\/strong><\/p>\n<p>Meine M\u00f6glichkeiten, meine Wahrnehmung und der Umgang damit, geben mir den nat\u00fcrlichen Rahmen meines \u00dcbens.<\/p>\n<p>Gerne mache ich auch \u00e4lteren Menschen Mut, mit Yoga zu beginnen oder unbedingt damit fortzufahren, denn niemand ist zu alt f\u00fcr den Yoga -Weg.<\/p>\n<p><span style=\"font-size: 14pt;\">\u00a0<\/span><\/p>\n","protected":false},"excerpt":{"rendered":"<p>Wichtig sind nicht die (Yoga-)Vorbilder aus den B\u00fcchern, dem Internet und meinem Kopf. Wichtig ist der Moment, die Pr\u00e4senz, die Hingabe mit der ich \u00fcbe &#8211; nicht die Perfektion, nicht irgendein Ziel. Meine M\u00f6glichkeiten, meine Wahrnehmung und der Umgang damit, geben mir den nat\u00fcrlichen Rahmen meines \u00dcbens. Gerne mache ich auch \u00e4lteren Menschen Mut, mit<a class=\"more-link\" href=\"https:\/\/yoga-hinterzarten.de\/?page_id=154\">&#8230; Lesen Sie den ganzen Artikel<\/a><\/p>\n","protected":false},"author":1,"featured_media":0,"parent":0,"menu_order":0,"comment_status":"closed","ping_status":"closed","template":"","meta":[],"_links":{"self":[{"href":"https:\/\/yoga-hinterzarten.de\/index.php?rest_route=\/wp\/v2\/pages\/154"}],"collection":[{"href":"https:\/\/yoga-hinterzarten.de\/index.php?rest_route=\/wp\/v2\/pages"}],"about":[{"href":"https:\/\/yoga-hinterzarten.de\/index.php?rest_route=\/wp\/v2\/types\/page"}],"author":[{"embeddable":true,"href":"https:\/\/yoga-hinterzarten.de\/index.php?rest_route=\/wp\/v2\/users\/1"}],"replies":[{"embeddable":true,"href":"https:\/\/yoga-hinterzarten.de\/index.php?rest_route=%2Fwp%2Fv2%2Fcomments&post=154"}],"version-history":[{"count":7,"href":"https:\/\/yoga-hinterzarten.de\/index.php?rest_route=\/wp\/v2\/pages\/154\/revisions"}],"predecessor-version":[{"id":375,"href":"https:\/\/yoga-hinterzarten.de\/index.php?rest_route=\/wp\/v2\/pages\/154\/revisions\/375"}],"wp:attachment":[{"href":"https:\/\/yoga-hinterzarten.de\/index.php?rest_route=%2Fwp%2Fv2%2Fmedia&parent=154"}],"curies":[{"name":"wp","href":"https:\/\/api.w.org\/{rel}","templated":true}]}}

<p>Wichtig sind nicht die (Yoga-)Vorbilder aus den Büchern, dem Internet und meinem Kopf.</p>
<p><strong>Wichtig ist der Moment, die Präsenz, die Hingabe mit der ich übe &#8211; nicht die Perfektion, nicht irgendein Ziel.</strong></p>
<p>Meine Möglichkeiten, meine Wahrnehmung und der Umgang damit, geben mir den natürlichen Rahmen meines Übens.</p>
<p>Gerne mache ich auch älteren Menschen Mut, mit Yoga zu beginnen oder unbedingt damit fortzufahren, denn niemand ist zu alt für den Yoga -Weg.</p>
<p><span style="font-size: 14pt;"> </span></p>

<p>Wichtig sind nicht die (Yoga-)Vorbilder aus den Büchern, dem Internet und meinem Kopf. Wichtig ist der Moment, die Präsenz, die Hingabe mit der ich übe &#8211; nicht die Perfektion, nicht irgendein Ziel. Meine Möglichkeiten, meine Wahrnehmung und der Umgang damit, geben mir den natürlichen Rahmen meines Übens. Gerne mache ich auch älteren Menschen Mut, mit<a class="more-link" href="https://yoga-hinterzarten.de/?page_id=154">&#8230; Lesen Sie den ganzen Artikel</a></p>
