{"id":98,"date":"2019-11-24T14:51:06","date_gmt":"2019-11-24T14:51:06","guid":{"rendered":"http:\/\/yoga-hinterzarten.de\/?page_id=98"},"modified":"2021-06-18T09:40:35","modified_gmt":"2021-06-18T09:40:35","slug":"zu-mir","status":"publish","type":"page","link":"https:\/\/yoga-hinterzarten.de\/?page_id=98","title":{"rendered":"zu mir"},"content":{"rendered":"<p><strong><img loading=\"lazy\" class=\"alignleft wp-image-116\" src=\"http:\/\/yoga-hinterzarten.de\/wp-content\/uploads\/2019\/11\/Baum1-1281-200x300.jpg\" alt=\"\" width=\"351\" height=\"527\" srcset=\"https:\/\/yoga-hinterzarten.de\/wp-content\/uploads\/2019\/11\/Baum1-1281-200x300.jpg 200w, https:\/\/yoga-hinterzarten.de\/wp-content\/uploads\/2019\/11\/Baum1-1281-768x1152.jpg 768w, https:\/\/yoga-hinterzarten.de\/wp-content\/uploads\/2019\/11\/Baum1-1281-683x1024.jpg 683w\" sizes=\"(max-width: 351px) 100vw, 351px\" \/><\/strong><\/p>\n<p><span style=\"font-size: 14pt;\"><strong>Yoga begleitet mich seit 36 Jahren.<\/strong><\/span><\/p>\n<p><span style=\"font-size: 14pt;\"><strong>Meditation ist Teil meines Lebens.<\/strong><\/span><\/p>\n<p><span style=\"font-size: 14pt;\"><strong>Ich habe viele Jahre meines Lebens als Sozialp\u00e4dagogin und sp\u00e4ter als Entspannungsp\u00e4dagogin gearbeitet.<\/strong><\/span><\/p>\n<p><span style=\"font-size: 14pt;\"><strong> Jetzt kann ich mich ganz dem widmen, was mir Spa\u00df macht und was mir immer noch und immer wieder neu so viel bringt und ausgesprochen gut tut: <\/strong><\/span><\/p>\n<p style=\"text-align: center;\"><b><span style=\"font-size: 14pt;\">Yoga &#8211; Meditation &#8211; Entspannung(sverfahren)<\/span><\/b><\/p>\n<p><span style=\"font-size: 14pt;\"><b>und ich gebe es mit Freude an die Menschen weiter, die zu mir kommen.<\/b><\/span><\/p>\n","protected":false},"excerpt":{"rendered":"<p>Yoga begleitet mich seit 36 Jahren. Meditation ist Teil meines Lebens. Ich habe viele Jahre meines Lebens als Sozialp\u00e4dagogin und sp\u00e4ter als Entspannungsp\u00e4dagogin gearbeitet. Jetzt kann ich mich ganz dem widmen, was mir Spa\u00df macht und was mir immer noch und immer wieder neu so viel bringt und ausgesprochen gut tut: Yoga &#8211; Meditation &#8211;<a class=\"more-link\" href=\"https:\/\/yoga-hinterzarten.de\/?page_id=98\">&#8230; Lesen Sie den ganzen Artikel<\/a><\/p>\n","protected":false},"author":1,"featured_media":0,"parent":0,"menu_order":0,"comment_status":"closed","ping_status":"closed","template":"","meta":[],"_links":{"self":[{"href":"https:\/\/yoga-hinterzarten.de\/index.php?rest_route=\/wp\/v2\/pages\/98"}],"collection":[{"href":"https:\/\/yoga-hinterzarten.de\/index.php?rest_route=\/wp\/v2\/pages"}],"about":[{"href":"https:\/\/yoga-hinterzarten.de\/index.php?rest_route=\/wp\/v2\/types\/page"}],"author":[{"embeddable":true,"href":"https:\/\/yoga-hinterzarten.de\/index.php?rest_route=\/wp\/v2\/users\/1"}],"replies":[{"embeddable":true,"href":"https:\/\/yoga-hinterzarten.de\/index.php?rest_route=%2Fwp%2Fv2%2Fcomments&post=98"}],"version-history":[{"count":25,"href":"https:\/\/yoga-hinterzarten.de\/index.php?rest_route=\/wp\/v2\/pages\/98\/revisions"}],"predecessor-version":[{"id":431,"href":"https:\/\/yoga-hinterzarten.de\/index.php?rest_route=\/wp\/v2\/pages\/98\/revisions\/431"}],"wp:attachment":[{"href":"https:\/\/yoga-hinterzarten.de\/index.php?rest_route=%2Fwp%2Fv2%2Fmedia&parent=98"}],"curies":[{"name":"wp","href":"https:\/\/api.w.org\/{rel}","templated":true}]}}